Calculate the remainder when u is divided by 0 + 3/(6/20).
8
Let g(o) = 3*o**2 - 2. Let j be g(3). Let p = 53 - j. What is the remainder when p is divided by 10?
8
Let r(p) = p**3 - 4*p**2 - 5*p + 11. What is the remainder when 42 is divided by r(5)?
9
Suppose 4*d - 85 - 98 = b, -4*b - 215 = -5*d. What is the remainder when d is divided by 16?
15
Calculate the remainder when 8*(8 + 0/(2 - 1)) is divided by 23.
18
Let m = -16 - -24. Calculate the remainder when 31 is divided by m.
7
Let p = 28 - 12. Calculate the remainder when 56 is divided by p.
8
Let z = 134 + -126. Calculate the remainder when 28 is divided by z.
4
Let l(g) = -g - 5. Let i be l(-7). Suppose -i*b + 38 + 48 = 0. Calculate the remainder when b is divided by 15.
13
Suppose 13*g - 34 - 44 = 0. Calculate the remainder when 9 is divided by g.
3
Let c(x) = -x**3 - 7*x**2 - 8*x - 2. Suppose 0 = 3*n - 0*n - 5*m - 106, -2*n - 3*m + 39 = 0. What is the remainder when n is divided by c(-6)?
7
Suppose 2*i + q = -3*i + 9, 4*i + 2*q - 6 = 0. Calculate the remainder when 7 is divided by i.
1
Suppose -15*p = -19*p + 120. Calculate the remainder when p is divided by 11.
8
Suppose 0 = -20*a + 25*a - 90. Calculate the remainder when a is divided by 6.
0
Suppose 5*t = 442 - 142. What is the remainder when 178 is divided by t?
58
Calculate the remainder when 12 is divided by -7*(-1 - (-2)/(-14)).
4
Let g be (6/(-9))/(1/(-3)). Suppose 3*v - 5*w - 47 = -0*v, g*w = -v + 1. Calculate the remainder when 25 is divided by v.
7
Calculate the remainder when 121 - (-4 + (-12)/(-4)) is divided by 31.
29
Let t(n) = 2*n**2 - 6*n - 7. What is the remainder when 22 is divided by t(5)?
9
Let u(n) be the second derivative of -n**3/6 - 113*n**2/2 - n. Let q be u(0). Let f = -79 - q. What is the remainder when f is divided by 18?
16
Let d be 5/(-10) - (-13)/2. Let b be d + (-2 - -2) + -3. Suppose b*p - 28 = p. Calculate the remainder when 25 is divided by p.
11
Suppose 0*a + 282 = 4*k + 2*a, 3*k - 5*a - 205 = 0. Let n be k/(-8) - 1/4. Let p = 6 - n. Calculate the remainder when 43 is divided by p.
13
Suppose 38 = 5*q + 5*x - 322, -2*x = -8. Calculate the remainder when q is divided by 14.
12
Let a = 45 + 11. Calculate the remainder when 16 is divided by a/6 + 2/3.
6
Let z(y) = y**3 + 6*y**2 + 4*y - 4. Let h be z(-4). Calculate the remainder when 31 is divided by (h/(-24))/(1/(-22)).
9
Let p(i) = 29*i**2 - 2*i - 1. What is the remainder when 268 is divided by p(-1)?
28
Suppose o - 3*o + 5*w = 0, -w - 22 = 4*o. Let i = 24 - o. What is the remainder when i is divided by 10?
9
Suppose 7 = v - 2. Let h(z) = 2*z + 4. What is the remainder when h(v) is divided by 8?
6
Let v = 11 + -6. Suppose -3*q + 4*q - 4*c = v, 2*c = 4. What is the remainder when 51 is divided by q?
12
Suppose 60 = -k + 2*k. What is the remainder when k is divided by ((-4)/(-5))/(-2) + 157/5?
29
Suppose 6 = -3*d - k - 5, -23 = -d + 5*k. Calculate the remainder when 26 is divided by (-11)/(-1) - (0 - d).
8
Let f = 9 - 4. Calculate the remainder when 6 is divided by f.
1
Calculate the remainder when 98 is divided by 1/2 - 1/((-8)/196).
23
Suppose 0 = -5*f + 2 + 8. Suppose 0*q = 5*q. Suppose q = -j - f*j + 51. Calculate the remainder when j is divided by 6.
5
Let z(v) = 2*v**2 + 10*v + 6. Let s be z(-6). Suppose 3*i - 9 - s = 0. What is the remainder when 17 is divided by (i/4)/(9/24)?
5
Let d(j) = j - 2. Suppose 0 = -4*p - 4*q + 40, p - q + 25 = 5*p. Suppose 47 = p*t - 3. What is the remainder when t is divided by d(6)?
2
Let b be 0/(3/3*-2). Suppose b = j + 5*n - 19, 3*n - 3 = -2*j - 0*n. Calculate the remainder when 5 is divided by (-16)/j + 4/12.
2
Let v = -1 + 4. Suppose -12 = -4*s + 4. Let i = s - v. Calculate the remainder when i is divided by 1.
0
Let b = 3 + -1. Suppose 6*i = b*i + 40. Calculate the remainder when (8/6)/((-4)/(-114)) is divided by i.
8
Suppose -2*s - 6 = -4*u - 24, -u - 5 = -s. Suppose 5*f + 7 = -3, -f - 6 = -4*i. Calculate the remainder when s is divided by i.
0
Let h = 41 - 24. What is the remainder when h is divided by 4*(0 + (-15)/(-6))?
7
Suppose -261 = 3*u - 360. Calculate the remainder when 41 is divided by u.
8
Suppose 483 = -3*a + 6*a. Suppose w + w = 3*t - 108, 3*w = -4*t + a. What is the remainder when t is divided by 13?
12
Suppose -8*m + 6*m + 116 = 0. What is the remainder when m is divided by 5?
3
Suppose -y = -7 + 1. Suppose y*m = m + 80. What is the remainder when m is divided by (-6 - 0)*(-1)/1?
4
Calculate the remainder when 37 is divided by -4 - (-2 - 84/4).
18
Suppose 2*u - 8 = -2*d, -u + 2*u - d - 6 = 0. Suppose -i = -u - 0. What is the remainder when i is divided by 3?
2
Let q = 1 - 3. Let m(k) = -6*k - 2. Calculate the remainder when m(q) is divided by 4.
2
Let t(m) = m**3 - 6*m**2 + 4*m - 3. Let f be t(5). Let z be 2/f + 27/12. Suppose 0 = -z*k - 0*k + 2. What is the remainder when 1 is divided by k?
0
Suppose -2*a = -2*l + 178, -2*a - 197 = -4*l + 167. Calculate the remainder when l is divided by 24.
21
Let a = 35 + -6. Calculate the remainder when a is divided by 16.
13
Let h(z) = 6*z**2 - 5*z + 11. Let q(y) = -y**2 - y - 1. Let s(m) = -h(m) - 5*q(m). Calculate the remainder when 28 is divided by s(8).
8
Let x(p) = p**3 - 5*p**2 + 4*p - 11. Let r = 16 + 18. What is the remainder when r is divided by x(5)?
7
Suppose -20 - 12 = -4*s. Calculate the remainder when 29 is divided by s.
5
Suppose n + 85 = 2*d + 2*n, 5*d - 223 = n. Calculate the remainder when d is divided by 9.
8
Let k(g) = 3*g**2 + 9*g + 7. Suppose 0 = f - 1 - 2. Calculate the remainder when k(-3) is divided by f.
1
Let k(c) = -c**3 + 9*c**2 + 10*c - 4. Calculate the remainder when k(9) is divided by 45.
41
Suppose -8 = -t - 2*p + 13, -3*t - 5*p = -61. Calculate the remainder when 66 is divided by t.
15
Let o = -52 - -100. What is the remainder when o is divided by 13?
9
Suppose -3*b - b = -48. What is the remainder when b is divided by 5?
2
Let p be 4/(4/(-5))*-1. Suppose -p*r = -14 - 6. Suppose a - r*a = -q + 13, 0 = -3*q + 2*a + 11. What is the remainder when q is divided by 1?
0
Suppose -3*v + g = -133, -2*g - 180 = -5*v + v. What is the remainder when v is divided by 9?
7
Suppose 30 = 5*j + 2*s, -3*s = -j + 2*j - 6. Let a = 61 + -38. Calculate the remainder when a is divided by j.
5
Let r(j) = j**2 - 5*j + 3. Let n(v) = -7*v + 1. Let o be n(1). Calculate the remainder when (-42)/(-4)*(-4)/o is divided by r(5).
1
Let y = -26 - -48. Calculate the remainder when y is divided by 8.
6
Let f = -40 - -95. What is the remainder when f is divided by 8?
7
Let b = -132 - -92. Let y = -28 - b. Let t = 21 + 2. What is the remainder when t is divided by y?
11
Let g(a) = a**3 - a + 8. Calculate the remainder when 31 is divided by g(0).
7
Suppose -18 = -2*g + 10. What is the remainder when 14 is divided by 46/g - (-10)/(-35)?
2
Suppose 0 = a + 2*a. Suppose -3*v + 5*v - 26 = a. What is the remainder when v is divided by 5?
3
Suppose 3*c + 21 = 5*c + 3*d, 0 = -2*c - d + 27. What is the remainder when 59 is divided by c?
14
Suppose 0*z = -5*z, 5*z = 4*r - 12. Let h be -14*(-6)/(r/1). Let x = h - -10. What is the remainder when x is divided by 13?
12
Let g = 170 + -124. Calculate the remainder when 275 is divided by g.
45
Suppose 3*n = 2*n + 17. What is the remainder when 32 is divided by n?
15
Let q = -45 - -62. Calculate the remainder when 32 is divided by q.
15
Let r be (0 + 0)/(-1) + 2. Suppose 0 = 3*x - v - 21, -2*v - r*v = 3*x - 21. Let j(l) = 5*l. What is the remainder when j(4) is divided by x?
6
Suppose a + 19 = 86. What is the remainder when a is divided by 18?
13
Let b = 766 - 527. Calculate the remainder when b is divided by 16.
15
Suppose -20 - 13 = -3*a - 2*w, -5*a = -w - 42. Let j(k) = -2*k**2 - 3*k + 4. Let o be j(-3). Let l = 0 - o. What is the remainder when a is divided by l?
4
Let t = 13 + -8. Suppose k - 18 = 3*k. Let r(c) = c**2 + 6*c - 13. What is the remainder when r(k) is divided by t?
4
Suppose 2*p + 2*p = -4*s + 60, 40 = 2*s - 3*p. Calculate the remainder when (45/27)/((-2)/78*-1) is divided by s.
14
Suppose 34*s + 6 = 36*s. Calculate the remainder when s is divided by 3.
0
Let o(c) = -c**3 - 7*c**2 - 8*c - 4. What is the remainder when 14 is divided by o(-6)?
6
Let o(u) = 2*u**2 + 3*u - 2. Suppose -12*c - 4 = -16*c. Suppose 